hest common factor of 12726 and 126?
126
What is the greatest common divisor of 1403 and 305?
61
Calculate the highest common divisor of 8 and 168.
8
Calculate the highest common divisor of 16654 and 22.
22
Calculate the greatest common divisor of 296 and 999.
37
Calculate the highest common factor of 116 and 1537.
29
What is the highest common divisor of 24 and 6744?
24
Calculate the highest common divisor of 124 and 10.
2
What is the greatest common divisor of 5 and 8?
1
Calculate the highest common divisor of 92 and 483.
23
What is the highest common factor of 16 and 6928?
16
What is the greatest common factor of 26065 and 13?
13
Calculate the highest common factor of 486 and 792.
18
What is the highest common divisor of 35 and 590?
5
What is the highest common divisor of 117 and 429?
39
What is the highest common factor of 16113 and 123?
123
What is the greatest common factor of 238 and 17?
17
What is the greatest common factor of 494 and 39?
13
Calculate the highest common factor of 180 and 36.
36
What is the highest common factor of 905 and 5?
5
What is the greatest common factor of 68 and 16?
4
Calculate the highest common divisor of 297 and 108.
27
What is the highest common factor of 11 and 440?
11
Calculate the highest common divisor of 23 and 161.
23
What is the highest common factor of 208 and 52?
52
Calculate the highest common factor of 40 and 90.
10
What is the greatest common factor of 1829 and 59?
59
Calculate the highest common divisor of 2403 and 162.
27
Calculate the highest common divisor of 52 and 143.
13
What is the greatest common divisor of 16 and 1400?
8
What is the highest common divisor of 4665 and 165?
15
Calculate the greatest common factor of 20077 and 34.
17
Calculate the highest common factor of 3477 and 427.
61
Calculate the greatest common divisor of 97 and 5723.
97
What is the greatest common factor of 209 and 22?
11
What is the greatest common divisor of 1292 and 68?
68
Calculate the greatest common factor of 116 and 4872.
116
What is the greatest common divisor of 259 and 7?
7
Calculate the highest common factor of 52 and 68.
4
Calculate the greatest common factor of 1751 and 2781.
103
What is the greatest common divisor of 8 and 256?
8
Calculate the highest common factor of 149 and 1.
1
Calculate the highest common factor of 169 and 338.
169
Calculate the greatest common divisor of 560 and 28.
28
Calculate the highest common factor of 171 and 9.
9
What is the greatest common divisor of 265 and 1007?
53
What is the greatest common factor of 596 and 4619?
149
Calculate the highest common divisor of 23 and 23.
23
Calculate the highest common factor of 209 and 247.
19
What is the greatest common divisor of 9996 and 612?
204
Calculate the greatest common factor of 103 and 2781.
103
Calculate the greatest common factor of 20 and 65.
5
What is the greatest common factor of 12549 and 801?
267
Calculate the greatest common factor of 11 and 121.
11
What is the highest common divisor of 5394 and 6?
6
What is the greatest common factor of 14088 and 6?
6
Calculate the highest common factor of 32 and 13408.
32
Calculate the greatest common factor of 10189 and 92.
23
What is the highest common factor of 3015 and 20?
5
What is the greatest common divisor of 6 and 738?
6
Calculate the highest common factor of 228 and 36.
12
Calculate the highest common factor of 1 and 125.
1
What is the highest common divisor of 2704 and 728?
104
What is the greatest common divisor of 183 and 1037?
61
Calculate the highest common factor of 76 and 44.
4
What is the highest common divisor of 8451 and 27?
27
What is the highest common divisor of 348 and 24?
12
What is the greatest common divisor of 2570 and 10?
10
What is the highest common divisor of 7 and 973?
7
Calculate the highest common factor of 6 and 1050.
6
Calculate the highest common factor of 1066 and 832.
26
Calculate the greatest common divisor of 19197 and 79.
79
Calculate the highest common factor of 3 and 4281.
3
Calculate the greatest common divisor of 1096 and 32.
8
What is the greatest common divisor of 97 and 388?
97
What is the highest common factor of 40 and 1280?
40
What is the highest common factor of 9 and 162?
9
Calculate the highest common divisor of 962 and 104.
26
What is the greatest common divisor of 1407 and 42?
21
What is the highest common factor of 243 and 30375?
243
What is the greatest common factor of 36 and 9?
9
Calculate the greatest common divisor of 56 and 504.
56
What is the greatest common divisor of 6 and 1986?
6
What is the greatest common factor of 42 and 78?
6
Calculate the greatest common factor of 850 and 102.
34
Calculate the greatest common divisor of 65 and 6773.
13
Calculate the highest common factor of 3 and 3.
3
Calculate the highest common divisor of 406 and 522.
58
Calculate the greatest common factor of 46 and 1978.
46
What is the greatest common divisor of 175 and 325?
25
Calculate the greatest common factor of 624 and 1488.
48
Calculate the greatest common factor of 20 and 2020.
20
Calculate the greatest common factor of 10968 and 24.
24
Calculate the greatest common factor of 19 and 9.
1
What is the greatest common factor of 237 and 8453?
79
What is the highest common divisor of 96 and 84?
12
What is the highest common factor of 110 and 2790?
10
What is the greatest common factor of 4823 and 91?
91
What is the greatest common factor of 1744 and 40?
8
Calculate the highest common factor of 6 and 5334.
6
What is the greatest common divisor of 87 and 69?
3
Calculate the greatest common divisor of 52 and 117.
13
Calculate the greatest common factor of 49 and 1078.
49
What is the greatest common factor of 690 and 2160?
30
What is the highest common divisor of 20 and 740?
20
What is the greatest common divisor of 6024 and 64?
8
Calculate the greatest common factor of 8586 and 486.
162
What is the greatest common factor of 559 and 344?
43
Calculate the greatest common divisor of 60 and 140.
20
What is the greatest common divisor of 150 and 12150?
150
Calculate the greatest common factor of 249 and 1909.
83
What is the highest common divisor of 23328 and 32?
32
What is the greatest common divisor of 1525 and 20?
5
What is the greatest common divisor of 273 and 28?
7
Calculate the greatest common divisor of 18 and 990.
18
Calculate the highest common factor of 18925 and 75.
25
Calculate the greatest common divisor of 228 and 60.
12
What is the highest common factor of 90 and 1710?
90
What is the highest common factor of 2006 and 34?
34
What is the greatest common divisor of 30 and 1470?
30
Calculate the highest common factor of 4 and 1528.
4
Calculate the highest common factor of 60 and 165.
15
What is the highest common divisor of 5671 and 53?
53
What is the highest common factor of 544 and 170?
34
Calculate the greatest common divisor of 231 and 385.
77
Calculate the greatest common divisor of 39 and 104.
13
What is the greatest common factor of 105 and 2?
1
What is the greatest common factor of 5 and 166?
1
What is the greatest common divisor of 812 and 364?
28
What is the greatest common divisor of 1392 and 144?
48
What is the greatest common divisor of 49 and 784?
49
What is the greatest common factor of 86 and 215?
43
What is the highest common divisor of 184 and 312?
8
What is the highest common divisor of 2639 and 182?
91
Calculate the greatest common factor of 98 and 21.
7
Calculate the greatest common divisor of 52 and 2548.
52
Calculate the greatest common factor of 640 and 20.
20
Calculate the greatest common divisor of 39 and 429.
39
What is the greatest common divisor of 20 and 310?
10
What is the highest common factor of 360 and 207?
9
Calculate the highest common factor of 18 and 1626.
6
Calculate the greatest common factor of 259 and 28.
7
What is the greatest common divisor of 6 and 5772?
6
What is the greatest common divisor of 2 and 1754?
2
What is the highest common factor of 144 and 400?
16
What is the highest common divisor of 8 and 100?
4
Calculate the highest common factor of 4 and 146.
2
Calculate the highest common divisor of 168 and 3066.
42
Calculate the highest common factor of 80 and 4944.
16
Calculate the greatest common factor of 10 and 410.
10
What is the greatest common factor of 174 and 232?
58
Cal